{"id":491,"date":"2026-04-13T13:42:00","date_gmt":"2026-04-13T11:42:00","guid":{"rendered":"http:\/\/portales.localhost\/turismo-2\/patrimonio-historico-y-cultural\/"},"modified":"2026-04-13T13:42:00","modified_gmt":"2026-04-13T11:42:00","slug":"patrimonio-historico-y-cultural","status":"publish","type":"page","link":"http:\/\/www.navascues.es\/eu\/turismo-2\/patrimonio-historico-y-cultural\/","title":{"rendered":"Patrimonio hist\u00f3rico y cultural"},"content":{"rendered":"<p>&gt; Contenido disponible en castellano (pendiente de traducci\u00f3n).<\/p>\n<h3>Ermita de Santa Mar\u00eda del Campo<\/h3>\n<p>Es del siglo XII y es una de las m\u00e1s bellas muestras del rom\u00e1nico rural de Navarra. En su origen era la iglesia parroquial de un peque\u00f1o asentamiento antes de que sus habitantes lo abandonasen para instalarse en lo alto del cerro y fundar Navascu\u00e9s.<\/p>\n<p>En su exterior destaca la torre , su portada con arquivoltas y los canecillos y el ajedrezado que adornan su tejado.<\/p>\n<p><img decoding=\"async\" src=\"http:\/\/www.navascues.es\/wp-content\/uploads\/2026\/04\/image5-1.jpeg\" alt=\"Ermita de Santa Mar\u00eda del Campo\" \/><\/p>\n<h3>Iglesia de San Crist\u00f3bal<\/h3>\n<p>Su nave de tres tramos y la portada g\u00f3tica corresponden al siglo XIV , las b\u00f3vedas de crucer\u00eda son del siglo XVI , se puede apreciar los detalles de las diversas fases en los que se construy\u00f3.<\/p>\n<p>La puerta de acceso est\u00e1 coronada con un t\u00edmpano en el que se representa la Sant\u00edsima Trinidad , mientras que sus arquivoltas nacen de capiteles en los que se representan animales y seres fant\u00e1sticos. En su interior , destacan varios retablos barrocos.<\/p>\n<p><img decoding=\"async\" src=\"http:\/\/www.navascues.es\/wp-content\/uploads\/2026\/04\/image6-1.jpeg\" alt=\"Iglesia de San Crist\u00f3bal\" \/><\/p>\n<h3>Foz de Benasa<\/h3>\n<p>Al sur de Navascu\u00e9s se encuentra este peque\u00f1o para\u00edso natural , encerrado entre paredes rocosas cubiertas de vegetaci\u00f3n. La ruta conduce a la Cueva de los Moros, un yacimiento arqueol\u00f3gico que fue cueva de enterramiento de la Edad de Bronce.<\/p>\n<p>Desde este punto se puede iniciar la ruta de los d\u00f3lmenes , Puntallo de las Capezas , Portillo de Ollate , Turendo y Legaroz. En los meses de verano , con reserva previa , puede disfrutarse del acceso a la piscina fluvial y a los senderos desde los que apreciar toda la belleza de este entorno natural.<\/p>\n<p><img decoding=\"async\" src=\"http:\/\/www.navascues.es\/wp-content\/uploads\/2026\/04\/image7-1.jpeg\" alt=\"Foz de Benasa\" \/><\/p>\n<h3>Mirador del Puerto de las Coronas<\/h3>\n<p>Siguiendo la ruta en direcci\u00f3n a Burgui se alcanza la cima del puerto de las Coronas, donde se encuentra este mirador en la confluencia de los valles del Salazar y del Roncal, con vistas privilegiadas de los valles y de los Pirineos Navarros.<\/p>\n<p><img decoding=\"async\" src=\"http:\/\/www.navascues.es\/wp-content\/uploads\/2026\/04\/image8-1.png\" alt=\"Mirador del Puerto de las Coronas\" \/><\/p>\n","protected":false},"excerpt":{"rendered":"<p>&gt; Contenido disponible en castellano (pendiente de traducci\u00f3n). Ermita de Santa Mar\u00eda del Campo Es del siglo XII y es una de las m\u00e1s bellas muestras del rom\u00e1nico rural de Navarra. En su origen era la iglesia parroquial de un peque\u00f1o asentamiento antes de que sus habitantes lo abandonasen para instalarse en lo alto del [&hellip;]<\/p>\n","protected":false},"author":1,"featured_media":0,"parent":483,"menu_order":0,"comment_status":"closed","ping_status":"closed","template":"","meta":{"footnotes":""},"class_list":["post-491","page","type-page","status-publish","hentry"],"yoast_head":"<!-- This site is optimized with the Yoast SEO plugin v27.5 - https:\/\/yoast.com\/product\/yoast-seo-wordpress\/ -->\r\n<title>Patrimonio hist\u00f3rico y cultural - Ayuntamiento de Navascues<\/title>\r\n<meta name=\"robots\" content=\"index, follow, max-snippet:-1, max-image-preview:large, max-video-preview:-1\" \/>\r\n<link rel=\"canonical\" href=\"http:\/\/www.navascues.es\/eu\/turismo-2\/patrimonio-historico-y-cultural\/\" \/>\r\n<meta property=\"og:locale\" content=\"en_US\" \/>\r\n<meta property=\"og:type\" content=\"article\" \/>\r\n<meta property=\"og:title\" content=\"Patrimonio hist\u00f3rico y cultural - Ayuntamiento de Navascues\" \/>\r\n<meta property=\"og:description\" content=\"&gt; Contenido disponible en castellano (pendiente de traducci\u00f3n). Ermita de Santa Mar\u00eda del Campo Es del siglo XII y es una de las m\u00e1s bellas muestras del rom\u00e1nico rural de Navarra. En su origen era la iglesia parroquial de un peque\u00f1o asentamiento antes de que sus habitantes lo abandonasen para instalarse en lo alto del [&hellip;]\" \/>\r\n<meta property=\"og:url\" content=\"http:\/\/www.navascues.es\/eu\/turismo-2\/patrimonio-historico-y-cultural\/\" \/>\r\n<meta property=\"og:site_name\" content=\"Ayuntamiento de Navascues\" \/>\r\n<meta property=\"og:image\" content=\"http:\/\/portales.localhost\/wp-content\/uploads\/2026\/04\/image5-1.jpeg\" \/>\r\n<meta name=\"twitter:card\" content=\"summary_large_image\" \/>\r\n<meta name=\"twitter:label1\" content=\"Est. reading time\" \/>\n\t<meta name=\"twitter:data1\" content=\"2 minutua\" \/>\r\n<script type=\"application\/ld+json\" class=\"yoast-schema-graph\">{\"@context\":\"https:\\\/\\\/schema.org\",\"@graph\":[{\"@type\":\"WebPage\",\"@id\":\"http:\\\/\\\/www.navascues.es\\\/eu\\\/turismo-2\\\/patrimonio-historico-y-cultural\\\/\",\"url\":\"http:\\\/\\\/www.navascues.es\\\/eu\\\/turismo-2\\\/patrimonio-historico-y-cultural\\\/\",\"name\":\"Patrimonio hist\u00f3rico y cultural - Ayuntamiento de Navascues\",\"isPartOf\":{\"@id\":\"http:\\\/\\\/www.navascues.es\\\/#website\"},\"primaryImageOfPage\":{\"@id\":\"http:\\\/\\\/www.navascues.es\\\/eu\\\/turismo-2\\\/patrimonio-historico-y-cultural\\\/#primaryimage\"},\"image\":{\"@id\":\"http:\\\/\\\/www.navascues.es\\\/eu\\\/turismo-2\\\/patrimonio-historico-y-cultural\\\/#primaryimage\"},\"thumbnailUrl\":\"http:\\\/\\\/www.navascues.es\\\/wp-content\\\/uploads\\\/2026\\\/04\\\/image5-1.jpeg\",\"datePublished\":\"2026-04-13T11:42:00+00:00\",\"breadcrumb\":{\"@id\":\"http:\\\/\\\/www.navascues.es\\\/eu\\\/turismo-2\\\/patrimonio-historico-y-cultural\\\/#breadcrumb\"},\"inLanguage\":\"eu\",\"potentialAction\":[{\"@type\":\"ReadAction\",\"target\":[\"http:\\\/\\\/www.navascues.es\\\/eu\\\/turismo-2\\\/patrimonio-historico-y-cultural\\\/\"]}]},{\"@type\":\"ImageObject\",\"inLanguage\":\"eu\",\"@id\":\"http:\\\/\\\/www.navascues.es\\\/eu\\\/turismo-2\\\/patrimonio-historico-y-cultural\\\/#primaryimage\",\"url\":\"http:\\\/\\\/www.navascues.es\\\/wp-content\\\/uploads\\\/2026\\\/04\\\/image5-1.jpeg\",\"contentUrl\":\"http:\\\/\\\/www.navascues.es\\\/wp-content\\\/uploads\\\/2026\\\/04\\\/image5-1.jpeg\"},{\"@type\":\"BreadcrumbList\",\"@id\":\"http:\\\/\\\/www.navascues.es\\\/eu\\\/turismo-2\\\/patrimonio-historico-y-cultural\\\/#breadcrumb\",\"itemListElement\":[{\"@type\":\"ListItem\",\"position\":1,\"name\":\"Portada\",\"item\":\"http:\\\/\\\/www.navascues.es\\\/\"},{\"@type\":\"ListItem\",\"position\":2,\"name\":\"Turismo\",\"item\":\"http:\\\/\\\/www.navascues.es\\\/eu\\\/turismo-2\\\/\"},{\"@type\":\"ListItem\",\"position\":3,\"name\":\"Patrimonio hist\u00f3rico y cultural\"}]},{\"@type\":\"WebSite\",\"@id\":\"http:\\\/\\\/www.navascues.es\\\/#website\",\"url\":\"http:\\\/\\\/www.navascues.es\\\/\",\"name\":\"Ayuntamiento de Navascues\",\"description\":\"\",\"potentialAction\":[{\"@type\":\"SearchAction\",\"target\":{\"@type\":\"EntryPoint\",\"urlTemplate\":\"http:\\\/\\\/www.navascues.es\\\/?s={search_term_string}\"},\"query-input\":{\"@type\":\"PropertyValueSpecification\",\"valueRequired\":true,\"valueName\":\"search_term_string\"}}],\"inLanguage\":\"eu\"}]}<\/script>\r\n<!-- \/ Yoast SEO plugin. -->","yoast_head_json":{"title":"Patrimonio hist\u00f3rico y cultural - Ayuntamiento de Navascues","robots":{"index":"index","follow":"follow","max-snippet":"max-snippet:-1","max-image-preview":"max-image-preview:large","max-video-preview":"max-video-preview:-1"},"canonical":"http:\/\/www.navascues.es\/eu\/turismo-2\/patrimonio-historico-y-cultural\/","og_locale":"en_US","og_type":"article","og_title":"Patrimonio hist\u00f3rico y cultural - Ayuntamiento de Navascues","og_description":"&gt; Contenido disponible en castellano (pendiente de traducci\u00f3n). Ermita de Santa Mar\u00eda del Campo Es del siglo XII y es una de las m\u00e1s bellas muestras del rom\u00e1nico rural de Navarra. En su origen era la iglesia parroquial de un peque\u00f1o asentamiento antes de que sus habitantes lo abandonasen para instalarse en lo alto del [&hellip;]","og_url":"http:\/\/www.navascues.es\/eu\/turismo-2\/patrimonio-historico-y-cultural\/","og_site_name":"Ayuntamiento de Navascues","og_image":[{"url":"http:\/\/portales.localhost\/wp-content\/uploads\/2026\/04\/image5-1.jpeg","type":"","width":"","height":""}],"twitter_card":"summary_large_image","twitter_misc":{"Est. reading time":"2 minutua"},"schema":{"@context":"https:\/\/schema.org","@graph":[{"@type":"WebPage","@id":"http:\/\/www.navascues.es\/eu\/turismo-2\/patrimonio-historico-y-cultural\/","url":"http:\/\/www.navascues.es\/eu\/turismo-2\/patrimonio-historico-y-cultural\/","name":"Patrimonio hist\u00f3rico y cultural - Ayuntamiento de Navascues","isPartOf":{"@id":"http:\/\/www.navascues.es\/#website"},"primaryImageOfPage":{"@id":"http:\/\/www.navascues.es\/eu\/turismo-2\/patrimonio-historico-y-cultural\/#primaryimage"},"image":{"@id":"http:\/\/www.navascues.es\/eu\/turismo-2\/patrimonio-historico-y-cultural\/#primaryimage"},"thumbnailUrl":"http:\/\/www.navascues.es\/wp-content\/uploads\/2026\/04\/image5-1.jpeg","datePublished":"2026-04-13T11:42:00+00:00","breadcrumb":{"@id":"http:\/\/www.navascues.es\/eu\/turismo-2\/patrimonio-historico-y-cultural\/#breadcrumb"},"inLanguage":"eu","potentialAction":[{"@type":"ReadAction","target":["http:\/\/www.navascues.es\/eu\/turismo-2\/patrimonio-historico-y-cultural\/"]}]},{"@type":"ImageObject","inLanguage":"eu","@id":"http:\/\/www.navascues.es\/eu\/turismo-2\/patrimonio-historico-y-cultural\/#primaryimage","url":"http:\/\/www.navascues.es\/wp-content\/uploads\/2026\/04\/image5-1.jpeg","contentUrl":"http:\/\/www.navascues.es\/wp-content\/uploads\/2026\/04\/image5-1.jpeg"},{"@type":"BreadcrumbList","@id":"http:\/\/www.navascues.es\/eu\/turismo-2\/patrimonio-historico-y-cultural\/#breadcrumb","itemListElement":[{"@type":"ListItem","position":1,"name":"Portada","item":"http:\/\/www.navascues.es\/"},{"@type":"ListItem","position":2,"name":"Turismo","item":"http:\/\/www.navascues.es\/eu\/turismo-2\/"},{"@type":"ListItem","position":3,"name":"Patrimonio hist\u00f3rico y cultural"}]},{"@type":"WebSite","@id":"http:\/\/www.navascues.es\/#website","url":"http:\/\/www.navascues.es\/","name":"Ayuntamiento de Navascues","description":"","potentialAction":[{"@type":"SearchAction","target":{"@type":"EntryPoint","urlTemplate":"http:\/\/www.navascues.es\/?s={search_term_string}"},"query-input":{"@type":"PropertyValueSpecification","valueRequired":true,"valueName":"search_term_string"}}],"inLanguage":"eu"}]}},"_links":{"self":[{"href":"http:\/\/www.navascues.es\/eu\/wp-json\/wp\/v2\/pages\/491","targetHints":{"allow":["GET"]}}],"collection":[{"href":"http:\/\/www.navascues.es\/eu\/wp-json\/wp\/v2\/pages"}],"about":[{"href":"http:\/\/www.navascues.es\/eu\/wp-json\/wp\/v2\/types\/page"}],"author":[{"embeddable":true,"href":"http:\/\/www.navascues.es\/eu\/wp-json\/wp\/v2\/users\/1"}],"replies":[{"embeddable":true,"href":"http:\/\/www.navascues.es\/eu\/wp-json\/wp\/v2\/comments?post=491"}],"version-history":[{"count":0,"href":"http:\/\/www.navascues.es\/eu\/wp-json\/wp\/v2\/pages\/491\/revisions"}],"up":[{"embeddable":true,"href":"http:\/\/www.navascues.es\/eu\/wp-json\/wp\/v2\/pages\/483"}],"wp:attachment":[{"href":"http:\/\/www.navascues.es\/eu\/wp-json\/wp\/v2\/media?parent=491"}],"curies":[{"name":"wp","href":"https:\/\/api.w.org\/{rel}","templated":true}]}}

Patrimonio histórico y cultural

<p>&gt; Contenido disponible en castellano (pendiente de traducción).</p>
<h3>Ermita de Santa María del Campo</h3>
<p>Es del siglo XII y es una de las más bellas muestras del románico rural de Navarra. En su origen era la iglesia parroquial de un pequeño asentamiento antes de que sus habitantes lo abandonasen para instalarse en lo alto del cerro y fundar Navascués.</p>
<p>En su exterior destaca la torre , su portada con arquivoltas y los canecillos y el ajedrezado que adornan su tejado.</p>
<p><img decoding="async" src="http://www.navascues.es/wp-content/uploads/2026/04/image5-1.jpeg" alt="Ermita de Santa María del Campo" /></p>
<h3>Iglesia de San Cristóbal</h3>
<p>Su nave de tres tramos y la portada gótica corresponden al siglo XIV , las bóvedas de crucería son del siglo XVI , se puede apreciar los detalles de las diversas fases en los que se construyó.</p>
<p>La puerta de acceso está coronada con un tímpano en el que se representa la Santísima Trinidad , mientras que sus arquivoltas nacen de capiteles en los que se representan animales y seres fantásticos. En su interior , destacan varios retablos barrocos.</p>
<p><img decoding="async" src="http://www.navascues.es/wp-content/uploads/2026/04/image6-1.jpeg" alt="Iglesia de San Cristóbal" /></p>
<h3>Foz de Benasa</h3>
<p>Al sur de Navascués se encuentra este pequeño paraíso natural , encerrado entre paredes rocosas cubiertas de vegetación. La ruta conduce a la Cueva de los Moros, un yacimiento arqueológico que fue cueva de enterramiento de la Edad de Bronce.</p>
<p>Desde este punto se puede iniciar la ruta de los dólmenes , Puntallo de las Capezas , Portillo de Ollate , Turendo y Legaroz. En los meses de verano , con reserva previa , puede disfrutarse del acceso a la piscina fluvial y a los senderos desde los que apreciar toda la belleza de este entorno natural.</p>
<p><img decoding="async" src="http://www.navascues.es/wp-content/uploads/2026/04/image7-1.jpeg" alt="Foz de Benasa" /></p>
<h3>Mirador del Puerto de las Coronas</h3>
<p>Siguiendo la ruta en dirección a Burgui se alcanza la cima del puerto de las Coronas, donde se encuentra este mirador en la confluencia de los valles del Salazar y del Roncal, con vistas privilegiadas de los valles y de los Pirineos Navarros.</p>
<p><img decoding="async" src="http://www.navascues.es/wp-content/uploads/2026/04/image8-1.png" alt="Mirador del Puerto de las Coronas" /></p>

<p>&gt; Contenido disponible en castellano (pendiente de traducción). Ermita de Santa María del Campo Es del siglo XII y es una de las más bellas muestras del románico rural de Navarra. En su origen era la iglesia parroquial de un pequeño asentamiento antes de que sus habitantes lo abandonasen para instalarse en lo alto del [&hellip;]</p>

<!-- This site is optimized with the Yoast SEO plugin v27.5 - https://yoast.com/product/yoast-seo-wordpress/ -->
<title>Patrimonio histórico y cultural - Ayuntamiento de Navascues</title>
<meta name="robots" content="index, follow, max-snippet:-1, max-image-preview:large, max-video-preview:-1" />
<link rel="canonical" href="http://www.navascues.es/eu/turismo-2/patrimonio-historico-y-cultural/" />
<meta property="og:locale" content="en_US" />
<meta property="og:type" content="article" />
<meta property="og:title" content="Patrimonio histórico y cultural - Ayuntamiento de Navascues" />
<meta property="og:description" content="&gt; Contenido disponible en castellano (pendiente de traducción). Ermita de Santa María del Campo Es del siglo XII y es una de las más bellas muestras del románico rural de Navarra. En su origen era la iglesia parroquial de un pequeño asentamiento antes de que sus habitantes lo abandonasen para instalarse en lo alto del [&hellip;]" />
<meta property="og:url" content="http://www.navascues.es/eu/turismo-2/patrimonio-historico-y-cultural/" />
<meta property="og:site_name" content="Ayuntamiento de Navascues" />
<meta property="og:image" content="http://portales.localhost/wp-content/uploads/2026/04/image5-1.jpeg" />
<meta name="twitter:card" content="summary_large_image" />
<meta name="twitter:label1" content="Est. reading time" />
	<meta name="twitter:data1" content="2 minutua" />
<script type="application/ld+json" class="yoast-schema-graph">{"@context":"https:\/\/schema.org","@graph":[{"@type":"WebPage","@id":"http:\/\/www.navascues.es\/eu\/turismo-2\/patrimonio-historico-y-cultural\/","url":"http:\/\/www.navascues.es\/eu\/turismo-2\/patrimonio-historico-y-cultural\/","name":"Patrimonio histórico y cultural - Ayuntamiento de Navascues","isPartOf":{"@id":"http:\/\/www.navascues.es\/#website"},"primaryImageOfPage":{"@id":"http:\/\/www.navascues.es\/eu\/turismo-2\/patrimonio-historico-y-cultural\/#primaryimage"},"image":{"@id":"http:\/\/www.navascues.es\/eu\/turismo-2\/patrimonio-historico-y-cultural\/#primaryimage"},"thumbnailUrl":"http:\/\/www.navascues.es\/wp-content\/uploads\/2026\/04\/image5-1.jpeg","datePublished":"2026-04-13T11:42:00+00:00","breadcrumb":{"@id":"http:\/\/www.navascues.es\/eu\/turismo-2\/patrimonio-historico-y-cultural\/#breadcrumb"},"inLanguage":"eu","potentialAction":[{"@type":"ReadAction","target":["http:\/\/www.navascues.es\/eu\/turismo-2\/patrimonio-historico-y-cultural\/"]}]},{"@type":"ImageObject","inLanguage":"eu","@id":"http:\/\/www.navascues.es\/eu\/turismo-2\/patrimonio-historico-y-cultural\/#primaryimage","url":"http:\/\/www.navascues.es\/wp-content\/uploads\/2026\/04\/image5-1.jpeg","contentUrl":"http:\/\/www.navascues.es\/wp-content\/uploads\/2026\/04\/image5-1.jpeg"},{"@type":"BreadcrumbList","@id":"http:\/\/www.navascues.es\/eu\/turismo-2\/patrimonio-historico-y-cultural\/#breadcrumb","itemListElement":[{"@type":"ListItem","position":1,"name":"Portada","item":"http:\/\/www.navascues.es\/"},{"@type":"ListItem","position":2,"name":"Turismo","item":"http:\/\/www.navascues.es\/eu\/turismo-2\/"},{"@type":"ListItem","position":3,"name":"Patrimonio histórico y cultural"}]},{"@type":"WebSite","@id":"http:\/\/www.navascues.es\/#website","url":"http:\/\/www.navascues.es\/","name":"Ayuntamiento de Navascues","description":"","potentialAction":[{"@type":"SearchAction","target":{"@type":"EntryPoint","urlTemplate":"http:\/\/www.navascues.es\/?s={search_term_string}"},"query-input":{"@type":"PropertyValueSpecification","valueRequired":true,"valueName":"search_term_string"}}],"inLanguage":"eu"}]}</script>
<!-- / Yoast SEO plugin. -->

Patrimonio histórico y cultural - Ayuntamiento de Navascues

&gt; Contenido disponible en castellano (pendiente de traducción). Ermita de Santa María del Campo Es del siglo XII y es una de las más bellas muestras del románico rural de Navarra. En su origen era la iglesia parroquial de un pequeño asentamiento antes de que sus habitantes lo abandonasen para instalarse en lo alto del [&hellip;]
