{"id":488,"date":"2026-04-13T13:41:56","date_gmt":"2026-04-13T11:41:56","guid":{"rendered":"http:\/\/portales.localhost\/el-valle-2\/navascues\/"},"modified":"2026-04-13T13:41:59","modified_gmt":"2026-04-13T11:41:59","slug":"navascues","status":"publish","type":"page","link":"http:\/\/www.navascues.es\/eu\/el-valle-2\/navascues\/","title":{"rendered":"Navascu\u00e9s"},"content":{"rendered":"<p>&gt; Contenido disponible en castellano (pendiente de traducci\u00f3n).<\/p>\n<h3>Contexto hist\u00f3rico<\/h3>\n<p>Navascu\u00e9s forma parte del Almirad\u00edo de Navascu\u00e9s, una instituci\u00f3n hist\u00f3rica vinculada a los antiguos almirantes del reino de Navarra.<\/p>\n<p><img decoding=\"async\" src=\"http:\/\/www.navascues.es\/wp-content\/uploads\/2026\/04\/image4-1.jpeg\" alt=\"Vista general de Navascu\u00e9s\" \/><\/p>\n<h3>Situaci\u00f3n en el valle<\/h3>\n<p>La localidad se sit\u00faa en un valle enclavado en pleno pirineo navarro y act\u00faa como puerta de acceso a los valles de Salazar y de Roncal.<\/p>\n<h3>Poblaci\u00f3n<\/h3>\n<p>Su poblaci\u00f3n en febrero de 2026 es de 123 habitantes ( INE ).<\/p>\n","protected":false},"excerpt":{"rendered":"<p>&gt; Contenido disponible en castellano (pendiente de traducci\u00f3n). Contexto hist\u00f3rico Navascu\u00e9s forma parte del Almirad\u00edo de Navascu\u00e9s, una instituci\u00f3n hist\u00f3rica vinculada a los antiguos almirantes del reino de Navarra. Situaci\u00f3n en el valle La localidad se sit\u00faa en un valle enclavado en pleno pirineo navarro y act\u00faa como puerta de acceso a los valles de [&hellip;]<\/p>\n","protected":false},"author":1,"featured_media":0,"parent":482,"menu_order":0,"comment_status":"closed","ping_status":"closed","template":"","meta":{"footnotes":""},"class_list":["post-488","page","type-page","status-publish","hentry"],"yoast_head":"<!-- This site is optimized with the Yoast SEO plugin v27.5 - https:\/\/yoast.com\/product\/yoast-seo-wordpress\/ -->\r\n<title>Navascu\u00e9s - Ayuntamiento de Navascues<\/title>\r\n<meta name=\"robots\" content=\"index, follow, max-snippet:-1, max-image-preview:large, max-video-preview:-1\" \/>\r\n<link rel=\"canonical\" href=\"http:\/\/www.navascues.es\/eu\/el-valle-2\/navascues\/\" \/>\r\n<meta property=\"og:locale\" content=\"en_US\" \/>\r\n<meta property=\"og:type\" content=\"article\" \/>\r\n<meta property=\"og:title\" content=\"Navascu\u00e9s - Ayuntamiento de Navascues\" \/>\r\n<meta property=\"og:description\" content=\"&gt; Contenido disponible en castellano (pendiente de traducci\u00f3n). Contexto hist\u00f3rico Navascu\u00e9s forma parte del Almirad\u00edo de Navascu\u00e9s, una instituci\u00f3n hist\u00f3rica vinculada a los antiguos almirantes del reino de Navarra. Situaci\u00f3n en el valle La localidad se sit\u00faa en un valle enclavado en pleno pirineo navarro y act\u00faa como puerta de acceso a los valles de [&hellip;]\" \/>\r\n<meta property=\"og:url\" content=\"http:\/\/www.navascues.es\/eu\/el-valle-2\/navascues\/\" \/>\r\n<meta property=\"og:site_name\" content=\"Ayuntamiento de Navascues\" \/>\r\n<meta property=\"article:modified_time\" content=\"2026-04-13T11:41:59+00:00\" \/>\r\n<meta property=\"og:image\" content=\"http:\/\/portales.localhost\/wp-content\/uploads\/2026\/04\/image4-1.jpeg\" \/>\r\n<meta name=\"twitter:card\" content=\"summary_large_image\" \/>\r\n<script type=\"application\/ld+json\" class=\"yoast-schema-graph\">{\"@context\":\"https:\\\/\\\/schema.org\",\"@graph\":[{\"@type\":\"WebPage\",\"@id\":\"http:\\\/\\\/www.navascues.es\\\/eu\\\/el-valle-2\\\/navascues\\\/\",\"url\":\"http:\\\/\\\/www.navascues.es\\\/eu\\\/el-valle-2\\\/navascues\\\/\",\"name\":\"Navascu\u00e9s - Ayuntamiento de Navascues\",\"isPartOf\":{\"@id\":\"http:\\\/\\\/www.navascues.es\\\/#website\"},\"primaryImageOfPage\":{\"@id\":\"http:\\\/\\\/www.navascues.es\\\/eu\\\/el-valle-2\\\/navascues\\\/#primaryimage\"},\"image\":{\"@id\":\"http:\\\/\\\/www.navascues.es\\\/eu\\\/el-valle-2\\\/navascues\\\/#primaryimage\"},\"thumbnailUrl\":\"http:\\\/\\\/www.navascues.es\\\/wp-content\\\/uploads\\\/2026\\\/04\\\/image4-1.jpeg\",\"datePublished\":\"2026-04-13T11:41:56+00:00\",\"dateModified\":\"2026-04-13T11:41:59+00:00\",\"breadcrumb\":{\"@id\":\"http:\\\/\\\/www.navascues.es\\\/eu\\\/el-valle-2\\\/navascues\\\/#breadcrumb\"},\"inLanguage\":\"eu\",\"potentialAction\":[{\"@type\":\"ReadAction\",\"target\":[\"http:\\\/\\\/www.navascues.es\\\/eu\\\/el-valle-2\\\/navascues\\\/\"]}]},{\"@type\":\"ImageObject\",\"inLanguage\":\"eu\",\"@id\":\"http:\\\/\\\/www.navascues.es\\\/eu\\\/el-valle-2\\\/navascues\\\/#primaryimage\",\"url\":\"http:\\\/\\\/www.navascues.es\\\/wp-content\\\/uploads\\\/2026\\\/04\\\/image4-1.jpeg\",\"contentUrl\":\"http:\\\/\\\/www.navascues.es\\\/wp-content\\\/uploads\\\/2026\\\/04\\\/image4-1.jpeg\"},{\"@type\":\"BreadcrumbList\",\"@id\":\"http:\\\/\\\/www.navascues.es\\\/eu\\\/el-valle-2\\\/navascues\\\/#breadcrumb\",\"itemListElement\":[{\"@type\":\"ListItem\",\"position\":1,\"name\":\"Portada\",\"item\":\"http:\\\/\\\/www.navascues.es\\\/\"},{\"@type\":\"ListItem\",\"position\":2,\"name\":\"El valle\",\"item\":\"http:\\\/\\\/www.navascues.es\\\/eu\\\/el-valle-2\\\/\"},{\"@type\":\"ListItem\",\"position\":3,\"name\":\"Navascu\u00e9s\"}]},{\"@type\":\"WebSite\",\"@id\":\"http:\\\/\\\/www.navascues.es\\\/#website\",\"url\":\"http:\\\/\\\/www.navascues.es\\\/\",\"name\":\"Ayuntamiento de Navascues\",\"description\":\"\",\"potentialAction\":[{\"@type\":\"SearchAction\",\"target\":{\"@type\":\"EntryPoint\",\"urlTemplate\":\"http:\\\/\\\/www.navascues.es\\\/?s={search_term_string}\"},\"query-input\":{\"@type\":\"PropertyValueSpecification\",\"valueRequired\":true,\"valueName\":\"search_term_string\"}}],\"inLanguage\":\"eu\"}]}<\/script>\r\n<!-- \/ Yoast SEO plugin. -->","yoast_head_json":{"title":"Navascu\u00e9s - Ayuntamiento de Navascues","robots":{"index":"index","follow":"follow","max-snippet":"max-snippet:-1","max-image-preview":"max-image-preview:large","max-video-preview":"max-video-preview:-1"},"canonical":"http:\/\/www.navascues.es\/eu\/el-valle-2\/navascues\/","og_locale":"en_US","og_type":"article","og_title":"Navascu\u00e9s - Ayuntamiento de Navascues","og_description":"&gt; Contenido disponible en castellano (pendiente de traducci\u00f3n). Contexto hist\u00f3rico Navascu\u00e9s forma parte del Almirad\u00edo de Navascu\u00e9s, una instituci\u00f3n hist\u00f3rica vinculada a los antiguos almirantes del reino de Navarra. Situaci\u00f3n en el valle La localidad se sit\u00faa en un valle enclavado en pleno pirineo navarro y act\u00faa como puerta de acceso a los valles de [&hellip;]","og_url":"http:\/\/www.navascues.es\/eu\/el-valle-2\/navascues\/","og_site_name":"Ayuntamiento de Navascues","article_modified_time":"2026-04-13T11:41:59+00:00","og_image":[{"url":"http:\/\/portales.localhost\/wp-content\/uploads\/2026\/04\/image4-1.jpeg","type":"","width":"","height":""}],"twitter_card":"summary_large_image","schema":{"@context":"https:\/\/schema.org","@graph":[{"@type":"WebPage","@id":"http:\/\/www.navascues.es\/eu\/el-valle-2\/navascues\/","url":"http:\/\/www.navascues.es\/eu\/el-valle-2\/navascues\/","name":"Navascu\u00e9s - Ayuntamiento de Navascues","isPartOf":{"@id":"http:\/\/www.navascues.es\/#website"},"primaryImageOfPage":{"@id":"http:\/\/www.navascues.es\/eu\/el-valle-2\/navascues\/#primaryimage"},"image":{"@id":"http:\/\/www.navascues.es\/eu\/el-valle-2\/navascues\/#primaryimage"},"thumbnailUrl":"http:\/\/www.navascues.es\/wp-content\/uploads\/2026\/04\/image4-1.jpeg","datePublished":"2026-04-13T11:41:56+00:00","dateModified":"2026-04-13T11:41:59+00:00","breadcrumb":{"@id":"http:\/\/www.navascues.es\/eu\/el-valle-2\/navascues\/#breadcrumb"},"inLanguage":"eu","potentialAction":[{"@type":"ReadAction","target":["http:\/\/www.navascues.es\/eu\/el-valle-2\/navascues\/"]}]},{"@type":"ImageObject","inLanguage":"eu","@id":"http:\/\/www.navascues.es\/eu\/el-valle-2\/navascues\/#primaryimage","url":"http:\/\/www.navascues.es\/wp-content\/uploads\/2026\/04\/image4-1.jpeg","contentUrl":"http:\/\/www.navascues.es\/wp-content\/uploads\/2026\/04\/image4-1.jpeg"},{"@type":"BreadcrumbList","@id":"http:\/\/www.navascues.es\/eu\/el-valle-2\/navascues\/#breadcrumb","itemListElement":[{"@type":"ListItem","position":1,"name":"Portada","item":"http:\/\/www.navascues.es\/"},{"@type":"ListItem","position":2,"name":"El valle","item":"http:\/\/www.navascues.es\/eu\/el-valle-2\/"},{"@type":"ListItem","position":3,"name":"Navascu\u00e9s"}]},{"@type":"WebSite","@id":"http:\/\/www.navascues.es\/#website","url":"http:\/\/www.navascues.es\/","name":"Ayuntamiento de Navascues","description":"","potentialAction":[{"@type":"SearchAction","target":{"@type":"EntryPoint","urlTemplate":"http:\/\/www.navascues.es\/?s={search_term_string}"},"query-input":{"@type":"PropertyValueSpecification","valueRequired":true,"valueName":"search_term_string"}}],"inLanguage":"eu"}]}},"_links":{"self":[{"href":"http:\/\/www.navascues.es\/eu\/wp-json\/wp\/v2\/pages\/488","targetHints":{"allow":["GET"]}}],"collection":[{"href":"http:\/\/www.navascues.es\/eu\/wp-json\/wp\/v2\/pages"}],"about":[{"href":"http:\/\/www.navascues.es\/eu\/wp-json\/wp\/v2\/types\/page"}],"author":[{"embeddable":true,"href":"http:\/\/www.navascues.es\/eu\/wp-json\/wp\/v2\/users\/1"}],"replies":[{"embeddable":true,"href":"http:\/\/www.navascues.es\/eu\/wp-json\/wp\/v2\/comments?post=488"}],"version-history":[{"count":0,"href":"http:\/\/www.navascues.es\/eu\/wp-json\/wp\/v2\/pages\/488\/revisions"}],"up":[{"embeddable":true,"href":"http:\/\/www.navascues.es\/eu\/wp-json\/wp\/v2\/pages\/482"}],"wp:attachment":[{"href":"http:\/\/www.navascues.es\/eu\/wp-json\/wp\/v2\/media?parent=488"}],"curies":[{"name":"wp","href":"https:\/\/api.w.org\/{rel}","templated":true}]}}

Navascués

<p>&gt; Contenido disponible en castellano (pendiente de traducción).</p>
<h3>Contexto histórico</h3>
<p>Navascués forma parte del Almiradío de Navascués, una institución histórica vinculada a los antiguos almirantes del reino de Navarra.</p>
<p><img decoding="async" src="http://www.navascues.es/wp-content/uploads/2026/04/image4-1.jpeg" alt="Vista general de Navascués" /></p>
<h3>Situación en el valle</h3>
<p>La localidad se sitúa en un valle enclavado en pleno pirineo navarro y actúa como puerta de acceso a los valles de Salazar y de Roncal.</p>
<h3>Población</h3>
<p>Su población en febrero de 2026 es de 123 habitantes ( INE ).</p>

<p>&gt; Contenido disponible en castellano (pendiente de traducción). Contexto histórico Navascués forma parte del Almiradío de Navascués, una institución histórica vinculada a los antiguos almirantes del reino de Navarra. Situación en el valle La localidad se sitúa en un valle enclavado en pleno pirineo navarro y actúa como puerta de acceso a los valles de [&hellip;]</p>

<!-- This site is optimized with the Yoast SEO plugin v27.5 - https://yoast.com/product/yoast-seo-wordpress/ -->
<title>Navascués - Ayuntamiento de Navascues</title>
<meta name="robots" content="index, follow, max-snippet:-1, max-image-preview:large, max-video-preview:-1" />
<link rel="canonical" href="http://www.navascues.es/eu/el-valle-2/navascues/" />
<meta property="og:locale" content="en_US" />
<meta property="og:type" content="article" />
<meta property="og:title" content="Navascués - Ayuntamiento de Navascues" />
<meta property="og:description" content="&gt; Contenido disponible en castellano (pendiente de traducción). Contexto histórico Navascués forma parte del Almiradío de Navascués, una institución histórica vinculada a los antiguos almirantes del reino de Navarra. Situación en el valle La localidad se sitúa en un valle enclavado en pleno pirineo navarro y actúa como puerta de acceso a los valles de [&hellip;]" />
<meta property="og:url" content="http://www.navascues.es/eu/el-valle-2/navascues/" />
<meta property="og:site_name" content="Ayuntamiento de Navascues" />
<meta property="article:modified_time" content="2026-04-13T11:41:59+00:00" />
<meta property="og:image" content="http://portales.localhost/wp-content/uploads/2026/04/image4-1.jpeg" />
<meta name="twitter:card" content="summary_large_image" />
<script type="application/ld+json" class="yoast-schema-graph">{"@context":"https:\/\/schema.org","@graph":[{"@type":"WebPage","@id":"http:\/\/www.navascues.es\/eu\/el-valle-2\/navascues\/","url":"http:\/\/www.navascues.es\/eu\/el-valle-2\/navascues\/","name":"Navascués - Ayuntamiento de Navascues","isPartOf":{"@id":"http:\/\/www.navascues.es\/#website"},"primaryImageOfPage":{"@id":"http:\/\/www.navascues.es\/eu\/el-valle-2\/navascues\/#primaryimage"},"image":{"@id":"http:\/\/www.navascues.es\/eu\/el-valle-2\/navascues\/#primaryimage"},"thumbnailUrl":"http:\/\/www.navascues.es\/wp-content\/uploads\/2026\/04\/image4-1.jpeg","datePublished":"2026-04-13T11:41:56+00:00","dateModified":"2026-04-13T11:41:59+00:00","breadcrumb":{"@id":"http:\/\/www.navascues.es\/eu\/el-valle-2\/navascues\/#breadcrumb"},"inLanguage":"eu","potentialAction":[{"@type":"ReadAction","target":["http:\/\/www.navascues.es\/eu\/el-valle-2\/navascues\/"]}]},{"@type":"ImageObject","inLanguage":"eu","@id":"http:\/\/www.navascues.es\/eu\/el-valle-2\/navascues\/#primaryimage","url":"http:\/\/www.navascues.es\/wp-content\/uploads\/2026\/04\/image4-1.jpeg","contentUrl":"http:\/\/www.navascues.es\/wp-content\/uploads\/2026\/04\/image4-1.jpeg"},{"@type":"BreadcrumbList","@id":"http:\/\/www.navascues.es\/eu\/el-valle-2\/navascues\/#breadcrumb","itemListElement":[{"@type":"ListItem","position":1,"name":"Portada","item":"http:\/\/www.navascues.es\/"},{"@type":"ListItem","position":2,"name":"El valle","item":"http:\/\/www.navascues.es\/eu\/el-valle-2\/"},{"@type":"ListItem","position":3,"name":"Navascués"}]},{"@type":"WebSite","@id":"http:\/\/www.navascues.es\/#website","url":"http:\/\/www.navascues.es\/","name":"Ayuntamiento de Navascues","description":"","potentialAction":[{"@type":"SearchAction","target":{"@type":"EntryPoint","urlTemplate":"http:\/\/www.navascues.es\/?s={search_term_string}"},"query-input":{"@type":"PropertyValueSpecification","valueRequired":true,"valueName":"search_term_string"}}],"inLanguage":"eu"}]}</script>
<!-- / Yoast SEO plugin. -->

Navascués - Ayuntamiento de Navascues

&gt; Contenido disponible en castellano (pendiente de traducción). Contexto histórico Navascués forma parte del Almiradío de Navascués, una institución histórica vinculada a los antiguos almirantes del reino de Navarra. Situación en el valle La localidad se sitúa en un valle enclavado en pleno pirineo navarro y actúa como puerta de acceso a los valles de [&hellip;]
